 units digit of q?
5
Let l = 5 - 2. Suppose h - l*h + 18 = 0. What is the units digit of h?
9
Let n(a) = 2*a**2 + a - 4. What is the units digit of n(2)?
6
Suppose -p + 3*l + 64 = 0, -4*p = -3*p + 2*l - 69. What is the units digit of p?
7
Let n = 31 + 9. What is the units digit of n?
0
Let x(r) = -r**2 - 9*r + 8. Let k be x(-9). Let z(y) = 2*y + 11. What is the tens digit of z(k)?
2
Let j(w) = 9*w**3 - w**2 - 6*w + 6. Let v(c) = -5*c**3 + c**2 + 3*c - 3. Let q(m) = -4*j(m) - 7*v(m). Let u be q(-4). What is the units digit of 11*u/1 + -2?
9
Let p(y) = 2*y**2 - 2 - 4*y + 3 + 2*y - 5. Let z be p(6). Suppose -5*q = -z - 4. What is the units digit of q?
2
Suppose 2*s + 89 + 28 = 3*i, 3*s = 2*i - 73. What is the units digit of i?
1
What is the units digit of 100/15*36/4?
0
Suppose 4*a - 144 = f, 2*a + 17 = 4*f + 103. What is the units digit of a?
5
Let i(o) = -o**3 + 7*o**2 + 11*o - 6. What is the units digit of i(8)?
8
What is the units digit of 628/7 - 16/(-56)?
0
Suppose 5*x - 156 = x. What is the units digit of x?
9
Let m(y) = 48*y + 9. What is the hundreds digit of m(3)?
1
Let a(h) = -h - 5. Let v be a(-4). Let s be 9/6 - v/2. Suppose f = -s*f + 12. What is the units digit of f?
4
Suppose 2*w = -3*w + 40. Let h = w - 5. Suppose 0*u = -h*u + 12. What is the units digit of u?
4
Let g = 3 - 1. Suppose -2*c - g*w + 1 = -5, -5*w + 25 = 0. Let r = c - -3. What is the units digit of r?
1
Let q = 487 - 178. What is the hundreds digit of q?
3
Let z = 9 + -2. Suppose 0 = w - z - 1. What is the units digit of w?
8
Suppose 0 = -9*d + 4*d. Suppose 4*o + 4*u + 120 = d, -40 = -5*o - 4*u - 191. What is the units digit of (o - -4)*(-1)/3?
9
Suppose -z = 0, n = z + 3*z + 3. Suppose 3*m + 0*r + 4*r - 15 = 0, 0 = -n*m + 2*r + 33. What is the units digit of m?
9
Suppose 2*p + 4*w + 104 = 4*p, 4*w - 330 = -5*p. What is the tens digit of p?
6
Let t be ((-4)/14)/(1/(-7)). Let w(v) = 0 + 0*v**2 - v**t - 1 + 3*v. What is the units digit of w(2)?
1
Let u = -5 - -9. Suppose 4 = r - 0. Suppose -20 = -r*y + u. What is the units digit of y?
6
Suppose 1 + 15 = 2*a. Suppose 3*k = -k + a. Suppose -k*g + 4 = -2. What is the units digit of g?
3
Let q(f) = -f**3 + 6*f**2 + 9*f - 6. Let n be q(7). Suppose 40 = n*p - 4*p. What is the tens digit of p?
1
Let m = 23 + -13. Suppose x - 2*o - 8 = 0, 5*x + 2 - m = 2*o. What is the units digit of (-1 - -4) + -1 - x?
2
Let f = 66 + -40. Suppose -t + f = 2*a, 0 = -5*t - a - 2*a + 102. What is the units digit of t?
8
Let m(w) be the second derivative of 0 - w**2 + w - 4/3*w**3. What is the units digit of m(-2)?
4
Let b = 8 + -3. Suppose 0 = -3*p - 3*o + 141, b*p - 233 = -2*o + 14. Suppose -s - 9 = u - 24, 0 = -5*u + s + p. What is the tens digit of u?
1
Suppose -2*y + 4 = 5*h, -4*h - 3*y + 0*y - 1 = 0. Suppose h*z - 2 = -0*z. What is the units digit of z?
1
Let m = 6 - 3. Let u(i) = -2*i**3 - 14*i**2 + 12*i + 9. Let t(o) = -o**3 - o**2 + o + 1. Let p(d) = m*t(d) - u(d). What is the units digit of p(10)?
4
Let o = 185 - -25. What is the units digit of o?
0
Suppose -j + 4*m = 4*j, -5*j + 2*m - 10 = 0. Let h = j + 5. What is the units digit of h?
1
What is the tens digit of (200 - 4) + -2 + -1?
9
Let z(l) = l + 3. Let n = -5 - -9. Let m be 2/3*30/n. What is the units digit of z(m)?
8
Suppose -l = -2*p + 6*p - 56, -l = -5*p - 29. What is the units digit of (l/(-10))/((-6)/15)?
1
Let y be (2/1)/(6/15). Suppose 0 = -5*w + 5*l + y, -4*l - 7 = -5*w + 2*w. Let x(c) = -2*c + 2. What is the units digit of x(w)?
8
Let t = -22 + 62. What is the tens digit of t?
4
Suppose -12*c + 53 = -11*c. What is the units digit of c?
3
Let c(h) = h**2 + 4*h + 4. Let b be c(-4). Suppose -w - w + b = 0. What is the units digit of w?
2
Let s = -14 - -17. What is the units digit of s?
3
Suppose -5*s - 4*n = -415 - 196, -2*s + 245 = n. What is the units digit of s?
3
Suppose 0*v = v - 10. Suppose 9 = 2*n - 0*n - x, v = 2*n - 2*x. What is the units digit of n?
4
Let j(q) = q - 9. Let t be j(13). Suppose -4*m + 200 + t = 0. What is the tens digit of m?
5
Let h(s) = -s**2 - s - 7. Let d be h(-7). Let i = d + 76. Suppose 0 = 2*w - 5*w + i. What is the units digit of w?
9
Let z = -36 - -85. Suppose z = 3*k + 10. What is the units digit of k?
3
What is the units digit of ((-2)/(-6))/(3/207)?
3
What is the tens digit of (48/10)/(36/240)?
3
Suppose 8 = 5*b + 3*w - 2, -b - 4*w - 15 = 0. What is the units digit of b?
5
Suppose 4*k - 413 = 211. What is the units digit of k?
6
Suppose 0 = -7*t + 6*t + 20. What is the tens digit of t?
2
Let k(u) = u - 5. Let h be k(7). Suppose 5 = h*f - 3. What is the units digit of f?
4
Let h(d) = -d**2 - d - 1. Let m be h(-2). Let v = 7 - m. Let q = -2 + v. What is the units digit of q?
8
Let u(a) = 6*a**2 + 4*a - 2. What is the tens digit of u(2)?
3
Suppose -u = -2*j + 183, 4*u - 119 = -3*j + 139. What is the units digit of j?
0
Suppose z + 4*c + 14 = 0, -2*z + 5*c + 2 = -22. What is the units digit of z?
2
What is the tens digit of ((-48)/(-10))/((-8)/(-20))?
1
Let p = -193 - -359. What is the tens digit of p?
6
What is the tens digit of 7/((-14)/4) + 43?
4
Suppose -8*m = 4*m - 2772. What is the tens digit of m?
3
Let k(r) = -2*r + 4. Let c be k(-4). Let d = -18 + c. What is the units digit of (16/10)/(d/(-60))?
6
Suppose 15 = -3*u + 6*u. Suppose 24 + 16 = 5*w - u*y, -4*y - 20 = -2*w. What is the units digit of w?
6
Suppose 4*w = -5*q + 41, 5*w - 36 = -2*q - 6. Suppose 4*d + 4*o - 64 = 0, -d - q*o + 44 = d. Suppose -y + d = 3*y. What is the units digit of y?
3
Suppose 5*j - j = -3*c + 901, -4*j + 906 = -2*c. What is the hundreds digit of j?
2
Let v = 0 - -4. Suppose 0 = -v*q + u + 82, 3*q + 4*u - 32 = 39. Let m = q - 13. What is the units digit of m?
8
What is the units digit of (-1)/(-4) + 59/4?
5
Suppose -c = -4*d + 3*d + 5, -14 = -4*d + c. Suppose -d = -0*z - 3*z. What is the units digit of z?
1
Let z be ((-2)/6)/(1/(-12)). Suppose w - 13 = -z. What is the units digit of w?
9
Let b be -2*((-51)/(-2))/3. Let q = -11 - b. What is the units digit of q?
6
Suppose 386 = 2*v + v + 4*n, v + n - 128 = 0. What is the units digit of v?
6
Let r(n) = -n**2 + 5*n + 5. Let a be r(6). Let m = a + -5. Let i(w) = w**2 + 5*w + 1. What is the units digit of i(m)?
7
Let t(f) = 3*f**2 + 6*f - 2. Let y be t(-4). Let j = y + -15. What is the units digit of j?
7
Suppose -4*u + 55 = -9. Let l(a) = a**2 - 6*a + 3. Let k be l(6). Suppose -i + k*i = u. What is the units digit of i?
8
Let i = 79 + -25. What is the tens digit of i?
5
Let o = 950 + -604. What is the tens digit of o?
4
Let f(s) = s**2 + 5*s. Let r be f(-6). Let k be 2/10 - r/5. What is the units digit of 2 + (1/k)/(-1)?
3
Suppose 300 = 4*o + 2*g, 0 = o + 2*o + g - 226. What is the tens digit of o?
7
Let g be -411 + 2*(-3)/(-6). Let r be 4/(-14) - g/(-35). What is the units digit of (-40)/r + 1/(-3)?
3
Suppose l - 14 = 4. Suppose z - l = -z. What is the units digit of z?
9
Suppose -5*h + 44 - 4 = 0. Let w = h - -6. What is the units digit of (-2)/7 - (-130)/w?
9
Let s be 356/2*(1 + 5). Suppose -1530 = -4*o + 2*b, 4*o - 464 - s = 4*b. What is the tens digit of 2/(-9) + o/18?
2
Let c be (1 - 0)/(7/28). Suppose 6 = l + c. Let h(w) = 4*w**2 + w + 1. What is the units digit of h(l)?
9
Suppose x = z - 2*z, -5*z = x + 4. Let a be ((-3)/(-2))/(z/(-2)). Suppose a*j + 0 = 6. What is the units digit of j?
2
Suppose 0*k + 534 = 6*k. What is the units digit of k?
9
Let u(x) = x**3 + 3*x**2 - 8*x - 4. Let a be u(-5). Let d = 22 + a. Suppose 0 = 4*w - b - d, -w + 5*b - b = -2. What is the units digit of w?
2
Suppose 2*k - 31 = 5*t, -t - 1 = -2. What is the units digit of k?
8
What is the tens digit of 24/(-10)*30/(-4)?
1
Let i be (-2)/(-14) + 80/28. What is the units digit of 2*i - (4 - 1)?
3
Let l = -9 - -13. Let k(o) = o**3 - 4*o**2 - 4*o + 6. Let p be k(l). Let f = p + 15. What is the units digit of f?
5
Let z(l) = -l**3 - 6*l**2 + l + 3. Let y be z(-6). Let c(x) = -x**3 - 3*x**2 - 3*x + 2. What is the units digit of c(y)?
1
Let n = -87 - -27. Let m = n - -84. What is the tens digit of m?
2
Let u(m) = 12*m**3 - 2*m**2 + 4*m - 2. What is the units digit of u(1)?
2
What is the units digit of 3 - 2*17/(-2)?
0
What is the units digit of (-7434)/(-28) + ((-5)/2 - -2)?
5
Suppose 4*v = 3*v, 5*r = 2*v + 305. What is the units 